 + 75. Suppose 7*b + 34 = 5*t, -5*b = t - 9*b + 1. What is the remainder when i is divided by t?
10
Let a(p) = -p + 72. Let q(t) = t**3 - 6*t**2 - 3. Let z be q(6). Let r be 0/((z - -4) + -3). What is the remainder when a(r) is divided by 15?
12
Let m = -197 - -208. Let q = -3 + 6. Calculate the remainder when m is divided by q.
2
Let x = 512 + -490. Calculate the remainder when 139 is divided by x.
7
Let p(v) = -13*v - 540. What is the remainder when p(-44) is divided by 17?
15
Let g(v) = -41*v + 105. Calculate the remainder when g(-4) is divided by 30.
29
Suppose -256*o = -264*o + 232. What is the remainder when 141 is divided by o?
25
Suppose -4*r + 377 = r - 3*a, 3*r = -2*a + 211. Let k = r + 234. What is the remainder when k is divided by 44?
43
Suppose 14*q = 10*q + 1860. Suppose -12*c = -17*c + q. What is the remainder when c is divided by 12?
9
Suppose -7*z - 35 = -14*z. Suppose z*u - 35 = 130. Calculate the remainder when u is divided by 14.
5
Let k(w) = -3*w**2. Let a be k(1). Let i be (-1)/((-65)/(-22) + a). Let h = i - 6. What is the remainder when h is divided by 6?
4
Let c(z) = 9*z - 48. Let o be c(7). Suppose -22*h + 210 = -o*h. What is the remainder when h is divided by 9?
3
Let p be (-80)/(-30) - (-4)/(-6). Suppose p*g + 113 + 13 = 0. Let w = g - -92. What is the remainder when w is divided by 10?
9
Calculate the remainder when 660 is divided by (-20)/(-50)*(18260/8)/11.
79
Let t be (-7408)/(-56) - (-4)/(-14). Suppose -s - 27 = -n + 45, 5*s + t = 2*n. Calculate the remainder when n is divided by 26.
24
Let h(i) = 3*i**2 + 10*i + 8. What is the remainder when 30 is divided by h(-4)?
14
Let h be (-412)/(-20) - (-2)/5. Suppose 4*q + 43 = 4*o - h, 0 = 2*o - 5*q - 47. Calculate the remainder when 20 is divided by o.
9
Let k = 1403 + -1386. Let y(j) = -j**3 - 6*j**2 - 9*j - 5. What is the remainder when y(-6) is divided by k?
15
Let c(n) = n + 6. Let q be c(-6). Let m = 21 - q. Let d = 76 - -7. Calculate the remainder when d is divided by m.
20
Let a(d) = -d + 1. Let z be a(-2). What is the remainder when 44 + z + 0/(-2) is divided by 10?
7
Suppose -g = 4*t - 6, -5*g - 14 = -2*g - 4*t. Calculate the remainder when ((-1)/(-2))/((-3)/(-174)) is divided by 19 + ((-6)/g - 6).
13
Let j be -44*6/15*-10. Let l = 183 - j. Calculate the remainder when 94 is divided by l.
3
Let j(n) = 3*n**2 - 2*n. Suppose 19*i = 716 + 25. Calculate the remainder when i is divided by j(2).
7
Suppose 9*x = -2*m + 7*x + 22, 2*m - x - 28 = 0. Let r = 306 + -203. What is the remainder when r is divided by m?
12
Suppose -2*s - 6*p + 4*p = -344, -3*s - 2*p + 521 = 0. What is the remainder when s is divided by 39?
21
Let a = -52 - -51. Calculate the remainder when 4 + a - (-324)/9 is divided by 21.
18
Suppose -6*j = -j + 90. What is the remainder when ((-3)/(-2) - 3)*j is divided by 15?
12
Let v = 27 - 22. Suppose -4*j - g + 118 = -j, 3*g + 178 = v*j. What is the remainder when 187 is divided by j?
35
Let l(c) = -c**3 - 11*c**2 - 15*c - 150. What is the remainder when 78 is divided by l(-11)?
3
Let j = -1556 - -1596. Calculate the remainder when 107 is divided by j.
27
Suppose -2*o = 5*g - 12, 18*o - 20*o - 4 = g. What is the remainder when 37 is divided by g?
1
Suppose -22 = -13*a + 628. Calculate the remainder when a is divided by 5.
0
Let i = 21 - 11. Suppose -x = -4*f + 153, 0 = -5*f + 8*f + 2*x - 101. Calculate the remainder when f is divided by i.
7
Let k = 59 - 42. Let o(c) = -3*c**2 - 13*c + 17. Let y(p) = -2*p**2 - 12*p + 16. Let s(b) = 3*o(b) - 4*y(b). Calculate the remainder when k is divided by s(6).
2
Suppose 5*j = -0*j + 20. Suppose j*v - 17 - 15 = 0. What is the remainder when 13 is divided by v?
5
Let k = 17 - 10. Let d(f) = 3*f - 12. Calculate the remainder when 14 is divided by d(k).
5
Suppose -5*n = -2*v - 3*v + 310, 2*v - n = 124. What is the remainder when v is divided by 33?
29
Calculate the remainder when (8 + (10 - 20))/((-2)/180) is divided by 92.
88
Suppose 1 = -5*g + 2*z, -g + 12 = z + 8. What is the remainder when 33 is divided by g?
0
Suppose 4*w - 5 = 3. Suppose 3*s + 92 = w*z, -4*s - z - 115 = 4*z. Let u = s + 64. What is the remainder when u is divided by 9?
7
Let a(j) = -j**2 - j + 34. Suppose -12 = -4*k, 87 = 4*m + m - k. What is the remainder when a(0) is divided by m?
16
Let d(x) = -x + 3. Let g be d(6). Let z = -10 - g. Let c(n) = n**2 + 5*n - 5. Calculate the remainder when 25 is divided by c(z).
7
What is the remainder when 283 is divided by ((-96)/4)/(-4)*12?
67
Suppose -2*x + 4*x - 4 = 2*n, -5*n - 5*x + 30 = 0. Suppose -2*z + 431 = -283. Suppose -n*u = u - z. What is the remainder when u is divided by 30?
29
Suppose -2*r = -p + 40, -5*r = p - 14 - 12. Calculate the remainder when 177 is divided by p.
33
Let y be (0/4)/(-2 + 4). Suppose 3*m + 2*f - 194 = -m, 4*m - 4*f - 188 = y. Calculate the remainder when m is divided by 13.
9
Let w be 9*1*26/(-39). What is the remainder when (1*8)/(3/6) is divided by (-51)/w + 3/6?
7
Suppose 4*q - 10*q + 670 = 544. Calculate the remainder when ((-53)/3)/(1/(-3)) is divided by q.
11
What is the remainder when 9915/27 + 172/36 + -5 is divided by 46?
45
Let a be ((-56)/(-3))/(8/12). Let c = -25 + a. Calculate the remainder when 8 is divided by c.
2
Let z = 1375 - 696. Calculate the remainder when z is divided by 34.
33
Let i = 10 + -2. Let c(z) = z**3 - 2*z**2 - z - 47. Calculate the remainder when c(5) is divided by i.
7
Suppose 185 = 5*i - 5*f, -4*i + 61 + 67 = f. Calculate the remainder when 98 is divided by i.
32
Let u(q) = -2*q**3 + 6*q**2 + 8*q + 12. Let c be u(-6). Suppose 2*p + 2*p - c = 0. What is the remainder when p is divided by 11?
10
Let x(k) = -11*k - 13. Let p be x(-3). Calculate the remainder when 137 is divided by (p/(-6))/((-2)/(10 - -2)).
17
Suppose -14*n = -4*n - 180. Suppose 123 = 4*f - 5*r, -r + 87 = 4*f - n. Calculate the remainder when 53 is divided by f.
26
Let l be (-2 - 6/(-8))*-12. Suppose -p + l - 2 = 0. Let n = -3 - -7. Calculate the remainder when p is divided by n.
1
Suppose 2*i + 74 = -2*f + 410, -2*i + 2*f = -348. Let k = i + -101. Calculate the remainder when k is divided by 37.
33
Let f(p) be the second derivative of 11*p**5/20 + p**4/12 - p. Let h(w) = w**2 + 12*w + 12. Let o be h(-11). What is the remainder when 35 is divided by f(o)?
11
Let f = -292 + 412. Suppose m + f = 5*m + 4*y, 0 = 2*m + 4*y - 64. Let t = 82 + 1. Calculate the remainder when t is divided by m.
27
Let z(m) = -8*m + 83. Calculate the remainder when 173 is divided by z(6).
33
Suppose -23*p + 27*p = 212. Let h = 102 - p. Suppose 0*d = -2*d + 50. What is the remainder when h is divided by d?
24
Let r(j) = -40*j - 1. Suppose 391 = a + 371. Calculate the remainder when r(-2) is divided by a.
19
Let q = -130 - -185. Suppose 0 = 2*s - 5*r - q, -r = 4*s - 4*r - 145. Calculate the remainder when s is divided by 14.
12
What is the remainder when 166 is divided by 18/(-15)*(-4 + 3/(-3))?
4
Let a = 5 - 3. Let w be a/(-2) + 166/2. What is the remainder when -1*3/(-6)*w is divided by 11?
8
Let n = -773 - -802. Let y = 184 + -100. Calculate the remainder when y is divided by n.
26
Let n = 21 - 5. Suppose 2*j - 5*j + 6 = 0. Let y(k) = 31*k + 1. What is the remainder when y(j) is divided by n?
15
Let t = 11 - 1. Let r be 22/(-1 + 0) + -2. Let g = r + 41. Calculate the remainder when g is divided by t.
7
Suppose 0*b + 177 = 3*b. Let p be -3 - 2/(-2)*6. Suppose -2*d = -p*d + b. Calculate the remainder when d is divided by 15.
14
Let u = -12 - 8. What is the remainder when 97 is divided by ((-60)/u)/((-6)/(-40))?
17
Let t(z) = z**3 - 13*z**2 + 13*z + 8. Let y be t(12). Suppose 2*x = -8 + y. What is the remainder when x is divided by 4?
2
Let j(c) be the third derivative of -c**6/120 - c**5/30 + c**4/12 - c**3/3 + 7*c**2. What is the remainder when 38 is divided by j(-4)?
16
Let y = 0 + -11. Calculate the remainder when 14 is divided by (-44)/(-7) + y/(154/4).
2
What is the remainder when 4 is divided by (-260)/(-90) - 1/(-9)?
1
Let c(a) = -20*a - 282. Calculate the remainder when 881 is divided by c(-19).
97
Suppose -2*a + 175 = 3*a. Suppose -5*f = -2*o + 93, -4*f + 0*f = 3*o + 56. Let i = 26 + f. Calculate the remainder when a is divided by i.
8
Let s(g) = 6*g**2 - 4*g**2 + 16 - 4 + 4*g. Calculate 